{"id":391,"date":"2018-05-13T16:34:33","date_gmt":"2018-05-13T14:34:33","guid":{"rendered":"http:\/\/porzellanmalerei-maro.de\/?page_id=391"},"modified":"2019-07-04T11:18:47","modified_gmt":"2019-07-04T09:18:47","slug":"termine","status":"publish","type":"page","link":"https:\/\/porzellanmalerei-maro.de\/index.php\/termine\/","title":{"rendered":"Termine"},"content":{"rendered":"<p>Meine Werke pr\u00e4sentiere ich auch auf verschiedenen Ausstellungen und M\u00e4rkten f\u00fcr Kunsthandwerk. Hier k\u00f6nnen Sie mir auch bei der Entstehung einer Malarbeit zusehen.<\/p>\n<p><strong>Termine 2019<\/strong><\/p>\n<ul>\n<li>1. September 2019<br \/>\nKUKUSTA Kunsthandwerkermarkt<br \/>\nTaunusstein &#8211; Hahn &#8211; 11-18 Uhr<\/li>\n<li>15. September 2019<br \/>\nKunsthandwerkermarkt in der Lenzenberghalle<br \/>\nNiedernhausen &#8211; Niederseelbach&nbsp; &#8211; 11-18 Uhr<\/li>\n<li>29. September 2019<br \/>\nKunst im Schaufenster<br \/>\nVorf\u00fchrung Porzellanmalerei im Gerberhaus Idstein &#8211; 11 &#8211; 15 Uhr<\/li>\n<li>15. bis 17. November 2019<br \/>\nGro\u00dfe Kunstausstellung in der Autalhalle Niedernhausen<br \/>\n15.11.2019&nbsp;&nbsp;&nbsp; Vernissage um 19 Uhr<br \/>\n16. + 17.11.2019&nbsp;&nbsp; Ausstellung&nbsp; 10 &#8211; 18 Uhr<\/li>\n<li>30. November + 1.Dezember 2019<br \/>\nAdventsmarkt im Hessenpark in Neu-Anspach<br \/>\njeweils 10 &#8211; 19 Uhr<\/li>\n<\/ul>\n<p><strong>Termine 2018<\/strong><\/p>\n<ul>\n<li>14. Oktober 2018&nbsp;<br \/>\nIdstein 11 &#8211; 16 Uhr<br \/>\nVorf\u00fchrung Porzellanmalerei im Gerberhaus<br \/>\nAusstellung Kunst im Schaufenster in der Weinhandlung Obergasse<\/li>\n<li>4. November 2018<br \/>\nNiedernhausen-Oberjosbach 11 &#8211; 17 Uhr<br \/>\nKunsthandwerkermarkt im B\u00fcrgerhaus Oberjosbach<\/li>\n<li>1. + 2. Dezember 2018 10 -19 Uhr<br \/>\n1. Adventswochenende Adventsmarkt im Hessenpark Neu Anspach<\/li>\n<li>8. Dezember 2018 14 &#8211; 21 Uhr<br \/>\nWeihnachstmarkt im Schlo\u00df Neuweilnau, Weilrod Neuweilnau,<\/li>\n<\/ul>\n<p>&nbsp;<\/p>\n<p><strong>Termine 2017<\/strong><\/p>\n<p>bis 17.November 2019<\/p>\n<ul>\n<li style=\"list-style-type: none;\">\n<ul>\n<li>11. und 12. Februar 2017<br \/>\nKunst in St. Martha, Engenhahn<\/li>\n<li>11. M\u00e4rz bis 24. April 2017<br \/>\nWeingut Goldatzel, Johannisberg<\/li>\n<li>10. und 11. Juni 2017<br \/>\nKleiner Kunstmarkt Zentrum Alte Kirche, Niedernhausen<\/li>\n<li>3. September 2017<br \/>\nKUKUSTA Kunsthandwerkermarkt Silberbachhalle, Taunusstein &#8211; Wehen<\/li>\n<li>17. bis 19. November 2017<br \/>\nKunstausstellung der K\u00fcnstlervereinigung Form-Bild-Farbe, Autalhalle Niedernhausen<\/li>\n<li>Porzellanmalerei Vorf\u00fchrung im Gerberhaus Idstein<br \/>\nSamstag 23.9.2017 von 11 Uhr bis 16 Uhr<br \/>\nSonntag 24.9.2017 von 11 Uhr bis 15 Uhr<\/li>\n<li>1. Adventswochenende &#8211; 2. + 3. 12.2017 &#8211; 10 Uhr bis 19 Uhr<br \/>\nAdventsmarkt im Freilichtmuseum Hessenpark Neu Anspach<\/li>\n<\/ul>\n<\/li>\n<\/ul>\n","protected":false},"excerpt":{"rendered":"<p>Meine Werke pr\u00e4sentiere ich auch auf verschiedenen Ausstellungen und M\u00e4rkten f\u00fcr Kunsthandwerk. Hier k\u00f6nnen Sie mir auch bei der Entstehung einer Malarbeit zusehen. Termine 2019 1. September 2019 KUKUSTA Kunsthandwerkermarkt Taunusstein &#8211; Hahn &#8211; 11-18 Uhr 15. September 2019 Kunsthandwerkermarkt in der Lenzenberghalle Niedernhausen &#8211; Niederseelbach&nbsp; &#8211; 11-18 Uhr 29&#8230;.<\/p>\n","protected":false},"author":1,"featured_media":0,"parent":0,"menu_order":0,"comment_status":"closed","ping_status":"closed","template":"","meta":{"ngg_post_thumbnail":0},"_links":{"self":[{"href":"https:\/\/porzellanmalerei-maro.de\/index.php\/wp-json\/wp\/v2\/pages\/391"}],"collection":[{"href":"https:\/\/porzellanmalerei-maro.de\/index.php\/wp-json\/wp\/v2\/pages"}],"about":[{"href":"https:\/\/porzellanmalerei-maro.de\/index.php\/wp-json\/wp\/v2\/types\/page"}],"author":[{"embeddable":true,"href":"https:\/\/porzellanmalerei-maro.de\/index.php\/wp-json\/wp\/v2\/users\/1"}],"replies":[{"embeddable":true,"href":"https:\/\/porzellanmalerei-maro.de\/index.php\/wp-json\/wp\/v2\/comments?post=391"}],"version-history":[{"count":8,"href":"https:\/\/porzellanmalerei-maro.de\/index.php\/wp-json\/wp\/v2\/pages\/391\/revisions"}],"predecessor-version":[{"id":421,"href":"https:\/\/porzellanmalerei-maro.de\/index.php\/wp-json\/wp\/v2\/pages\/391\/revisions\/421"}],"wp:attachment":[{"href":"https:\/\/porzellanmalerei-maro.de\/index.php\/wp-json\/wp\/v2\/media?parent=391"}],"curies":[{"name":"wp","href":"https:\/\/api.w.org\/{rel}","templated":true}]}}